{"id":512,"date":"2020-04-06T19:44:43","date_gmt":"2020-04-06T19:44:43","guid":{"rendered":"https:\/\/bueninformatico.com\/wordpress\/?page_id=512"},"modified":"2021-03-10T15:02:29","modified_gmt":"2021-03-10T15:02:29","slug":"enviar-resena","status":"publish","type":"page","link":"https:\/\/bueninformatico.com\/wordpress\/enviar-resena\/","title":{"rendered":"Escribir rese\u00f1a por el servicio recibido"},"content":{"rendered":"\t\t<div data-elementor-type=\"wp-page\" data-elementor-id=\"512\" class=\"elementor elementor-512\">\n\t\t\t\t\t\t<section class=\"elementor-section elementor-top-section elementor-element elementor-element-75dd7aa elementor-section-full_width elementor-section-height-default elementor-section-height-default\" data-id=\"75dd7aa\" data-element_type=\"section\" data-e-type=\"section\">\n\t\t\t\t\t\t<div class=\"elementor-container elementor-column-gap-default\">\n\t\t\t\t\t<div class=\"elementor-column elementor-col-100 elementor-top-column elementor-element elementor-element-c22f128\" data-id=\"c22f128\" data-element_type=\"column\" data-e-type=\"column\">\n\t\t\t<div class=\"elementor-widget-wrap elementor-element-populated\">\n\t\t\t\t\t\t<div class=\"elementor-element elementor-element-9ccc5fc elementor-widget elementor-widget-text-editor\" data-id=\"9ccc5fc\" data-element_type=\"widget\" data-e-type=\"widget\" data-widget_type=\"text-editor.default\">\n\t\t\t\t<div class=\"elementor-widget-container\">\n\t\t\t\t\t\t\t\t\t<p>Por favor escribe tu rese\u00f1a despu\u00e9s de haber recibido un servicio. ( s\u00f3lo se aceptar\u00e1n rese\u00f1as de clientes reales )\u00a0<\/p>\t\t\t\t\t\t\t\t<\/div>\n\t\t\t\t<\/div>\n\t\t\t\t\t<\/div>\n\t\t<\/div>\n\t\t\t\t\t<\/div>\n\t\t<\/section>\n\t\t\t\t<section class=\"elementor-section elementor-top-section elementor-element elementor-element-8bd731d elementor-section-full_width elementor-section-height-default elementor-section-height-default\" data-id=\"8bd731d\" data-element_type=\"section\" data-e-type=\"section\">\n\t\t\t\t\t\t<div class=\"elementor-container elementor-column-gap-default\">\n\t\t\t\t\t<div class=\"elementor-column elementor-col-100 elementor-top-column elementor-element elementor-element-76e5a11\" data-id=\"76e5a11\" data-element_type=\"column\" data-e-type=\"column\">\n\t\t\t<div class=\"elementor-widget-wrap elementor-element-populated\">\n\t\t\t\t\t\t<div class=\"elementor-element elementor-element-604d4d3 elementor-widget elementor-widget-text-editor\" data-id=\"604d4d3\" data-element_type=\"widget\" data-e-type=\"widget\" data-widget_type=\"text-editor.default\">\n\t\t\t\t<div class=\"elementor-widget-container\">\n\t\t\t\t\t\t\t\t\t<div class=\"shortcode-site-reviews-form\"><div class=\"glsr glsr-minimal\" id=\"glsr_bgnzjtdf\" data-from=\"shortcode\" data-shortcode=\"site_reviews_form\"><div class=\"glsr-form-wrap\">\n    <form class=\"glsr-form glsr-review-form\" method=\"post\" enctype=\"multipart\/form-data\">\n        <input type=\"hidden\" name=\"site-reviews[_action]\" value=\"submit-review\" \/>\n<input type=\"hidden\" name=\"site-reviews[_nonce]\" value=\"d7161742b7\" \/>\n<input type=\"hidden\" name=\"site-reviews[_post_id]\" value=\"512\" \/>\n<input type=\"hidden\" name=\"site-reviews[_referer]\" value=\"\" \/>\n<input type=\"hidden\" name=\"site-reviews[assigned_posts]\" value=\"\" \/>\n<input type=\"hidden\" name=\"site-reviews[assigned_terms]\" value=\"\" \/>\n<input type=\"hidden\" name=\"site-reviews[assigned_users]\" value=\"\" \/>\n<input type=\"hidden\" name=\"site-reviews[excluded]\" value=\"\" \/>\n<input type=\"hidden\" name=\"site-reviews[form_id]\" value=\"glsr_bgnzjtdf\" \/>\n<input type=\"hidden\" name=\"site-reviews[form_signature]\" value=\"LIDEpnXMZQ70ZXE7PIGV_ro4U3U6IZYKe9_1jydRkt9zrD4EZpkWu5zF-AB2AxYSBAa-Cv15TsL-is9a4m8EBx9qnzN3uQ4sHLDJM_xbK2OTpdOcwAauKMa3hgGqSfr_n-O1b-B6XX-fxmzDAsjdSCBVgFGIiL32nfFEVleT6J81eYQdSJW9keObObVuAIqsFA7EilYkfZPR_Eeyl4g6nxX5VssRILo7EpmTmpH3qvvNz6t0RLXSLHvUJVeVQL3wMVRSqkGyw7iu1BdaIEeo5bkIps90LTHMBPvZZA3A-rbBDniH-OCwUaR7LxrKGAKqUH1SeILBurIVAYO0MUvW8SRAlDIVaU5CS7d7sWBOkjGSSKoCuAOhXtK2_j5vlr9f9rrKkM1aIydokTkQM9HwY9Dxo1ETWh_sBeEmXhIP7tdAfqWD_PSCyKZaxg\" \/>\n<input type=\"hidden\" name=\"site-reviews[terms_exist]\" value=\"1\" \/>\n<div class=\"glsr-field\" style=\"display:none;\"><label for=\"site-reviews-819bec60-glsr_bgnzjtdf\">Tu rese\u00f1a<\/label><input type=\"text\" class=\"glsr-input glsr-input-text\" id=\"site-reviews-819bec60-glsr_bgnzjtdf\" name=\"site-reviews[819bec60]\" value=\"\" \/><\/div>\n<div class=\"glsr-field glsr-field-rating glsr-required\" data-field=\"rating\" data-type=\"rating\">\n    <label class=\"glsr-label\" for=\"glsr_bgnzjtdf-rating\">\n    <span>Tu puntuaci\u00f3n global<\/span>\n<\/label>\n    <select class=\"browser-default disable-select glsr-select no-wrap no_wrap\" id=\"glsr_bgnzjtdf-rating\" name=\"site-reviews[rating]\" required><option value=\"\">Seleccionar una puntuaci\u00f3n<\/option><option value=\"5\">5 estrellas<\/option><option value=\"4\">4 estrellas<\/option><option value=\"3\">3 estrellas<\/option><option value=\"2\">2 estrellas<\/option><option value=\"1\">1 estrella<\/option><\/select>\n    <div class=\"glsr-field-error\"><\/div>\n<\/div>\n<div class=\"glsr-field glsr-field-text glsr-required\" data-field=\"title\" data-type=\"text\">\n    <label class=\"glsr-label\" for=\"glsr_bgnzjtdf-title\">\n    <span>T\u00edtulo de tu rese\u00f1a<\/span>\n<\/label>\n    <input type=\"text\" class=\"glsr-input glsr-input-text\" id=\"glsr_bgnzjtdf-title\" name=\"site-reviews[title]\" required placeholder=\"Resume tu rese\u00f1a o resalta un detalle interesante\" value=\"\" \/>\n    <div class=\"glsr-field-error\"><\/div>\n<\/div>\n<div class=\"glsr-field glsr-field-textarea glsr-required\" data-field=\"content\" data-type=\"textarea\">\n    <label class=\"glsr-label\" for=\"glsr_bgnzjtdf-content\">\n    <span>Tu rese\u00f1a<\/span>\n<\/label>\n    <textarea class=\"glsr-textarea\" id=\"glsr_bgnzjtdf-content\" name=\"site-reviews[content]\" required placeholder=\"Comparte tu opini\u00f3n\" rows=\"5\"><\/textarea>\n    <div class=\"glsr-field-error\"><\/div>\n<\/div>\n<div class=\"glsr-field glsr-field-text glsr-required\" data-field=\"name\" data-type=\"text\">\n    <label class=\"glsr-label\" for=\"glsr_bgnzjtdf-name\">\n    <span>Tu nombre<\/span>\n<\/label>\n    <input type=\"text\" class=\"glsr-input glsr-input-text\" id=\"glsr_bgnzjtdf-name\" name=\"site-reviews[name]\" required placeholder=\"Dinos tu nombre\" value=\"\" \/>\n    <div class=\"glsr-field-error\"><\/div>\n<\/div>\n<div class=\"glsr-field glsr-field-email glsr-required\" data-field=\"email\" data-type=\"email\">\n    <label class=\"glsr-label\" for=\"glsr_bgnzjtdf-email\">\n    <span>Tu correo electr\u00f3nico<\/span>\n<\/label>\n    <input type=\"email\" class=\"glsr-input glsr-input-email\" id=\"glsr_bgnzjtdf-email\" name=\"site-reviews[email]\" required placeholder=\"Dinos tu email\" value=\"\" \/>\n    <div class=\"glsr-field-error\"><\/div>\n<\/div>\n<div class=\"glsr-field glsr-field-choice glsr-required\" data-field=\"terms\" data-type=\"toggle\">\n    \n    <div class=\"glsr-field-subgroup\">\n        <span class=\"glsr-field-toggle\">\n    <span>\n        <span class=\"glsr-toggle\"><input type=\"checkbox\" class=\"glsr-input-toggle\" id=\"glsr_bgnzjtdf-terms-1\" name=\"site-reviews[terms]\" required value=\"1\" \/><span class=\"glsr-toggle-track\"><\/span><\/span>\n    <\/span>\n    <label for=\"glsr_bgnzjtdf-terms-1\">Esta rese\u00f1a se basa en mi propia experiencia y es mi opini\u00f3n genuina.<\/label>\n<\/span>\n    <\/div>\n    <div class=\"glsr-field-error\"><\/div>\n<\/div>\n        <div class=\"glsr-form-message\">\n    \n<\/div>\n        <div data-field=\"submit-button\">\n    <div class=\"wp-block-buttons is-layout-flex\">\n        <div class=\"wp-block-button\">\n            <button type=\"submit\" class=\"glsr-button wp-block-button__link wp-element-button\" aria-busy=\"false\" data-loading=\"Enviando, por favor espera...\">Enviar una rese\u00f1a<\/button>\n        <\/div>\n    <\/div>\n<\/div>\n    <\/form>\n<\/div><\/div><\/div>\t\t\t\t\t\t\t\t<\/div>\n\t\t\t\t<\/div>\n\t\t\t\t\t<\/div>\n\t\t<\/div>\n\t\t\t\t\t<\/div>\n\t\t<\/section>\n\t\t\t\t<\/div>\n\t\t","protected":false},"excerpt":{"rendered":"<p>Por favor escribe tu rese\u00f1a despu\u00e9s de haber recibido un servicio. ( s\u00f3lo se aceptar\u00e1n rese\u00f1as de clientes reales )\u00a0<\/p>\n","protected":false},"author":1,"featured_media":0,"parent":0,"menu_order":0,"comment_status":"closed","ping_status":"closed","template":"elementor_header_footer","meta":{"_glsr_average":0,"_glsr_ranking":0,"_glsr_reviews":0,"footnotes":""},"class_list":["post-512","page","type-page","status-publish","hentry"],"yoast_head":"<!-- This site is optimized with the Yoast SEO plugin v27.4 - https:\/\/yoast.com\/product\/yoast-seo-wordpress\/ -->\n<title>Escribir rese\u00f1a por el servicio recibido - BUENINFORMATICO<\/title>\n<meta name=\"robots\" content=\"index, follow, max-snippet:-1, max-image-preview:large, max-video-preview:-1\" \/>\n<link rel=\"canonical\" href=\"https:\/\/bueninformatico.com\/wordpress\/enviar-resena\/\" \/>\n<meta property=\"og:locale\" content=\"es_ES\" \/>\n<meta property=\"og:type\" content=\"article\" \/>\n<meta property=\"og:title\" content=\"Escribir rese\u00f1a por el servicio recibido - BUENINFORMATICO\" \/>\n<meta property=\"og:description\" content=\"Por favor escribe tu rese\u00f1a despu\u00e9s de haber recibido un servicio. ( s\u00f3lo se aceptar\u00e1n rese\u00f1as de clientes reales )\u00a0\" \/>\n<meta property=\"og:url\" content=\"https:\/\/bueninformatico.com\/wordpress\/enviar-resena\/\" \/>\n<meta property=\"og:site_name\" content=\"BUENINFORMATICO\" \/>\n<meta property=\"article:publisher\" content=\"https:\/\/www.facebook.com\/bueninformatico\" \/>\n<meta property=\"article:modified_time\" content=\"2021-03-10T15:02:29+00:00\" \/>\n<meta property=\"og:image\" content=\"https:\/\/bueninformatico.com\/wordpress\/wp-content\/uploads\/2020\/03\/logo_final.png\" \/>\n\t<meta property=\"og:image:width\" content=\"140\" \/>\n\t<meta property=\"og:image:height\" content=\"141\" \/>\n\t<meta property=\"og:image:type\" content=\"image\/png\" \/>\n<meta name=\"twitter:card\" content=\"summary_large_image\" \/>\n<meta name=\"twitter:label1\" content=\"Tiempo de lectura\" \/>\n\t<meta name=\"twitter:data1\" content=\"1 minuto\" \/>\n<script type=\"application\/ld+json\" class=\"yoast-schema-graph\">{\"@context\":\"https:\\\/\\\/schema.org\",\"@graph\":[{\"@type\":\"WebPage\",\"@id\":\"https:\\\/\\\/bueninformatico.com\\\/wordpress\\\/enviar-resena\\\/\",\"url\":\"https:\\\/\\\/bueninformatico.com\\\/wordpress\\\/enviar-resena\\\/\",\"name\":\"Escribir rese\u00f1a por el servicio recibido - BUENINFORMATICO\",\"isPartOf\":{\"@id\":\"https:\\\/\\\/bueninformatico.com\\\/wordpress\\\/#website\"},\"datePublished\":\"2020-04-06T19:44:43+00:00\",\"dateModified\":\"2021-03-10T15:02:29+00:00\",\"breadcrumb\":{\"@id\":\"https:\\\/\\\/bueninformatico.com\\\/wordpress\\\/enviar-resena\\\/#breadcrumb\"},\"inLanguage\":\"es\",\"potentialAction\":[{\"@type\":\"ReadAction\",\"target\":[\"https:\\\/\\\/bueninformatico.com\\\/wordpress\\\/enviar-resena\\\/\"]}]},{\"@type\":\"BreadcrumbList\",\"@id\":\"https:\\\/\\\/bueninformatico.com\\\/wordpress\\\/enviar-resena\\\/#breadcrumb\",\"itemListElement\":[{\"@type\":\"ListItem\",\"position\":1,\"name\":\"Portada\",\"item\":\"https:\\\/\\\/bueninformatico.com\\\/wordpress\\\/\"},{\"@type\":\"ListItem\",\"position\":2,\"name\":\"Escribir rese\u00f1a por el servicio recibido\"}]},{\"@type\":\"WebSite\",\"@id\":\"https:\\\/\\\/bueninformatico.com\\\/wordpress\\\/#website\",\"url\":\"https:\\\/\\\/bueninformatico.com\\\/wordpress\\\/\",\"name\":\"\u27a4 600 69 44 50 | BUENINFORMATICO\",\"description\":\"\",\"publisher\":{\"@id\":\"https:\\\/\\\/bueninformatico.com\\\/wordpress\\\/#organization\"},\"potentialAction\":[{\"@type\":\"SearchAction\",\"target\":{\"@type\":\"EntryPoint\",\"urlTemplate\":\"https:\\\/\\\/bueninformatico.com\\\/wordpress\\\/?s={search_term_string}\"},\"query-input\":{\"@type\":\"PropertyValueSpecification\",\"valueRequired\":true,\"valueName\":\"search_term_string\"}}],\"inLanguage\":\"es\"},{\"@type\":\"Organization\",\"@id\":\"https:\\\/\\\/bueninformatico.com\\\/wordpress\\\/#organization\",\"name\":\"Buen Inform\u00e1tico\",\"url\":\"https:\\\/\\\/bueninformatico.com\\\/wordpress\\\/\",\"logo\":{\"@type\":\"ImageObject\",\"inLanguage\":\"es\",\"@id\":\"https:\\\/\\\/bueninformatico.com\\\/wordpress\\\/#\\\/schema\\\/logo\\\/image\\\/\",\"url\":\"https:\\\/\\\/bueninformatico.com\\\/wordpress\\\/wp-content\\\/uploads\\\/2020\\\/03\\\/logo_final.png\",\"contentUrl\":\"https:\\\/\\\/bueninformatico.com\\\/wordpress\\\/wp-content\\\/uploads\\\/2020\\\/03\\\/logo_final.png\",\"width\":140,\"height\":141,\"caption\":\"Buen Inform\u00e1tico\"},\"image\":{\"@id\":\"https:\\\/\\\/bueninformatico.com\\\/wordpress\\\/#\\\/schema\\\/logo\\\/image\\\/\"},\"sameAs\":[\"https:\\\/\\\/www.facebook.com\\\/bueninformatico\",\"https:\\\/\\\/www.instagram.com\\\/bueninformatico\\\/\"]}]}<\/script>\n<!-- \/ Yoast SEO plugin. -->","yoast_head_json":{"title":"Escribir rese\u00f1a por el servicio recibido - BUENINFORMATICO","robots":{"index":"index","follow":"follow","max-snippet":"max-snippet:-1","max-image-preview":"max-image-preview:large","max-video-preview":"max-video-preview:-1"},"canonical":"https:\/\/bueninformatico.com\/wordpress\/enviar-resena\/","og_locale":"es_ES","og_type":"article","og_title":"Escribir rese\u00f1a por el servicio recibido - BUENINFORMATICO","og_description":"Por favor escribe tu rese\u00f1a despu\u00e9s de haber recibido un servicio. ( s\u00f3lo se aceptar\u00e1n rese\u00f1as de clientes reales )\u00a0","og_url":"https:\/\/bueninformatico.com\/wordpress\/enviar-resena\/","og_site_name":"BUENINFORMATICO","article_publisher":"https:\/\/www.facebook.com\/bueninformatico","article_modified_time":"2021-03-10T15:02:29+00:00","og_image":[{"width":140,"height":141,"url":"https:\/\/bueninformatico.com\/wordpress\/wp-content\/uploads\/2020\/03\/logo_final.png","type":"image\/png"}],"twitter_card":"summary_large_image","twitter_misc":{"Tiempo de lectura":"1 minuto"},"schema":{"@context":"https:\/\/schema.org","@graph":[{"@type":"WebPage","@id":"https:\/\/bueninformatico.com\/wordpress\/enviar-resena\/","url":"https:\/\/bueninformatico.com\/wordpress\/enviar-resena\/","name":"Escribir rese\u00f1a por el servicio recibido - BUENINFORMATICO","isPartOf":{"@id":"https:\/\/bueninformatico.com\/wordpress\/#website"},"datePublished":"2020-04-06T19:44:43+00:00","dateModified":"2021-03-10T15:02:29+00:00","breadcrumb":{"@id":"https:\/\/bueninformatico.com\/wordpress\/enviar-resena\/#breadcrumb"},"inLanguage":"es","potentialAction":[{"@type":"ReadAction","target":["https:\/\/bueninformatico.com\/wordpress\/enviar-resena\/"]}]},{"@type":"BreadcrumbList","@id":"https:\/\/bueninformatico.com\/wordpress\/enviar-resena\/#breadcrumb","itemListElement":[{"@type":"ListItem","position":1,"name":"Portada","item":"https:\/\/bueninformatico.com\/wordpress\/"},{"@type":"ListItem","position":2,"name":"Escribir rese\u00f1a por el servicio recibido"}]},{"@type":"WebSite","@id":"https:\/\/bueninformatico.com\/wordpress\/#website","url":"https:\/\/bueninformatico.com\/wordpress\/","name":"\u27a4 600 69 44 50 | BUENINFORMATICO","description":"","publisher":{"@id":"https:\/\/bueninformatico.com\/wordpress\/#organization"},"potentialAction":[{"@type":"SearchAction","target":{"@type":"EntryPoint","urlTemplate":"https:\/\/bueninformatico.com\/wordpress\/?s={search_term_string}"},"query-input":{"@type":"PropertyValueSpecification","valueRequired":true,"valueName":"search_term_string"}}],"inLanguage":"es"},{"@type":"Organization","@id":"https:\/\/bueninformatico.com\/wordpress\/#organization","name":"Buen Inform\u00e1tico","url":"https:\/\/bueninformatico.com\/wordpress\/","logo":{"@type":"ImageObject","inLanguage":"es","@id":"https:\/\/bueninformatico.com\/wordpress\/#\/schema\/logo\/image\/","url":"https:\/\/bueninformatico.com\/wordpress\/wp-content\/uploads\/2020\/03\/logo_final.png","contentUrl":"https:\/\/bueninformatico.com\/wordpress\/wp-content\/uploads\/2020\/03\/logo_final.png","width":140,"height":141,"caption":"Buen Inform\u00e1tico"},"image":{"@id":"https:\/\/bueninformatico.com\/wordpress\/#\/schema\/logo\/image\/"},"sameAs":["https:\/\/www.facebook.com\/bueninformatico","https:\/\/www.instagram.com\/bueninformatico\/"]}]}},"_links":{"self":[{"href":"https:\/\/bueninformatico.com\/wordpress\/wp-json\/wp\/v2\/pages\/512","targetHints":{"allow":["GET"]}}],"collection":[{"href":"https:\/\/bueninformatico.com\/wordpress\/wp-json\/wp\/v2\/pages"}],"about":[{"href":"https:\/\/bueninformatico.com\/wordpress\/wp-json\/wp\/v2\/types\/page"}],"author":[{"embeddable":true,"href":"https:\/\/bueninformatico.com\/wordpress\/wp-json\/wp\/v2\/users\/1"}],"replies":[{"embeddable":true,"href":"https:\/\/bueninformatico.com\/wordpress\/wp-json\/wp\/v2\/comments?post=512"}],"version-history":[{"count":10,"href":"https:\/\/bueninformatico.com\/wordpress\/wp-json\/wp\/v2\/pages\/512\/revisions"}],"predecessor-version":[{"id":1377,"href":"https:\/\/bueninformatico.com\/wordpress\/wp-json\/wp\/v2\/pages\/512\/revisions\/1377"}],"wp:attachment":[{"href":"https:\/\/bueninformatico.com\/wordpress\/wp-json\/wp\/v2\/media?parent=512"}],"curies":[{"name":"wp","href":"https:\/\/api.w.org\/{rel}","templated":true}]}}